{"id":10375,"date":"2025-08-25T10:41:27","date_gmt":"2025-08-25T10:41:27","guid":{"rendered":"https:\/\/besamalzeme.com\/?post_type=product&#038;p=10375"},"modified":"2026-03-14T12:54:11","modified_gmt":"2026-03-14T12:54:11","slug":"kol-ve-sirt-css-3-ic-plaka","status":"publish","type":"product","link":"https:\/\/besamalzeme.com\/?product=kol-ve-sirt-css-3-ic-plaka","title":{"rendered":"Kol Ve S\u0131rt Css-3 \u0130\u00e7 Plaka"},"content":{"rendered":"<ul>\n<li><strong>Kol Ve S\u0131rt Css-3 \u0130\u00e7 Plaka<\/strong><\/li>\n<\/ul>\n","protected":false},"excerpt":{"rendered":"<p>Kol Ve S\u0131rt Css-3 \u0130\u00e7 Plaka<\/p>\n","protected":false},"featured_media":0,"comment_status":"open","ping_status":"closed","template":"","meta":[],"product_cat":[165,164],"product_tag":[],"_links":{"self":[{"href":"https:\/\/besamalzeme.com\/index.php?rest_route=\/wp\/v2\/product\/10375"}],"collection":[{"href":"https:\/\/besamalzeme.com\/index.php?rest_route=\/wp\/v2\/product"}],"about":[{"href":"https:\/\/besamalzeme.com\/index.php?rest_route=\/wp\/v2\/types\/product"}],"replies":[{"embeddable":true,"href":"https:\/\/besamalzeme.com\/index.php?rest_route=%2Fwp%2Fv2%2Fcomments&post=10375"}],"version-history":[{"count":1,"href":"https:\/\/besamalzeme.com\/index.php?rest_route=\/wp\/v2\/product\/10375\/revisions"}],"predecessor-version":[{"id":10376,"href":"https:\/\/besamalzeme.com\/index.php?rest_route=\/wp\/v2\/product\/10375\/revisions\/10376"}],"wp:attachment":[{"href":"https:\/\/besamalzeme.com\/index.php?rest_route=%2Fwp%2Fv2%2Fmedia&parent=10375"}],"wp:term":[{"taxonomy":"product_cat","embeddable":true,"href":"https:\/\/besamalzeme.com\/index.php?rest_route=%2Fwp%2Fv2%2Fproduct_cat&post=10375"},{"taxonomy":"product_tag","embeddable":true,"href":"https:\/\/besamalzeme.com\/index.php?rest_route=%2Fwp%2Fv2%2Fproduct_tag&post=10375"}],"curies":[{"name":"wp","href":"https:\/\/api.w.org\/{rel}","templated":true}]}}