{"id":10409,"date":"2025-08-25T10:49:45","date_gmt":"2025-08-25T10:49:45","guid":{"rendered":"https:\/\/besamalzeme.com\/?post_type=product&#038;p=10409"},"modified":"2026-03-14T12:50:15","modified_gmt":"2026-03-14T12:50:15","slug":"v-mekanizma-agac-kaplamali","status":"publish","type":"product","link":"https:\/\/besamalzeme.com\/?product=v-mekanizma-agac-kaplamali","title":{"rendered":"V Mekanizma A\u011fa\u00e7 Kaplamal\u0131"},"content":{"rendered":"<ul>\n<li><strong>V Mekanizma A\u011fa\u00e7 Kaplamal\u0131<\/strong><\/li>\n<\/ul>\n","protected":false},"excerpt":{"rendered":"<p>V Mekanizma A\u011fa\u00e7 Kaplamal\u0131<\/p>\n","protected":false},"featured_media":0,"comment_status":"open","ping_status":"closed","template":"","meta":[],"product_cat":[165,164],"product_tag":[],"_links":{"self":[{"href":"https:\/\/besamalzeme.com\/index.php?rest_route=\/wp\/v2\/product\/10409"}],"collection":[{"href":"https:\/\/besamalzeme.com\/index.php?rest_route=\/wp\/v2\/product"}],"about":[{"href":"https:\/\/besamalzeme.com\/index.php?rest_route=\/wp\/v2\/types\/product"}],"replies":[{"embeddable":true,"href":"https:\/\/besamalzeme.com\/index.php?rest_route=%2Fwp%2Fv2%2Fcomments&post=10409"}],"version-history":[{"count":1,"href":"https:\/\/besamalzeme.com\/index.php?rest_route=\/wp\/v2\/product\/10409\/revisions"}],"predecessor-version":[{"id":10410,"href":"https:\/\/besamalzeme.com\/index.php?rest_route=\/wp\/v2\/product\/10409\/revisions\/10410"}],"wp:attachment":[{"href":"https:\/\/besamalzeme.com\/index.php?rest_route=%2Fwp%2Fv2%2Fmedia&parent=10409"}],"wp:term":[{"taxonomy":"product_cat","embeddable":true,"href":"https:\/\/besamalzeme.com\/index.php?rest_route=%2Fwp%2Fv2%2Fproduct_cat&post=10409"},{"taxonomy":"product_tag","embeddable":true,"href":"https:\/\/besamalzeme.com\/index.php?rest_route=%2Fwp%2Fv2%2Fproduct_tag&post=10409"}],"curies":[{"name":"wp","href":"https:\/\/api.w.org\/{rel}","templated":true}]}}