{"id":10698,"date":"2025-08-25T13:12:24","date_gmt":"2025-08-25T13:12:24","guid":{"rendered":"https:\/\/besamalzeme.com\/?post_type=product&#038;p=10698"},"modified":"2026-03-14T11:35:54","modified_gmt":"2026-03-14T11:35:54","slug":"vidalama-ucu-yildiz-gfb","status":"publish","type":"product","link":"https:\/\/besamalzeme.com\/?product=vidalama-ucu-yildiz-gfb","title":{"rendered":"Vidalama Ucu &#8211; Y\u0131ld\u0131z Gfb"},"content":{"rendered":"<ul>\n<li data-start=\"44\" data-end=\"74\"><strong>Ph 2*75mm Bits U\u00e7 Y\u0131ld\u0131z Gfb<\/strong><\/li>\n<li data-start=\"77\" data-end=\"107\"><strong>Pz 2*50mm Bits U\u00e7 Y\u0131ld\u0131z Gfb<\/strong><\/li>\n<li data-start=\"110\" data-end=\"140\"><strong>Pz 2*75mm Bits U\u00e7 Y\u0131ld\u0131z Gfb<\/strong><\/li>\n<li data-start=\"143\" data-end=\"174\"><strong>Pz 2*100mm Bits U\u00e7 Y\u0131ld\u0131z Gfb<\/strong><\/li>\n<\/ul>\n","protected":false},"excerpt":{"rendered":"<p>Ph 2*75mm Bits U\u00e7 Y\u0131ld\u0131z Gfb Pz 2*50mm Bits U\u00e7 Y\u0131ld\u0131z Gfb Pz 2*75mm Bits U\u00e7 Y\u0131ld\u0131z Gfb Pz 2*100mm<\/p>\n","protected":false},"featured_media":11332,"comment_status":"open","ping_status":"closed","template":"","meta":[],"product_cat":[156,28],"product_tag":[],"_links":{"self":[{"href":"https:\/\/besamalzeme.com\/index.php?rest_route=\/wp\/v2\/product\/10698"}],"collection":[{"href":"https:\/\/besamalzeme.com\/index.php?rest_route=\/wp\/v2\/product"}],"about":[{"href":"https:\/\/besamalzeme.com\/index.php?rest_route=\/wp\/v2\/types\/product"}],"replies":[{"embeddable":true,"href":"https:\/\/besamalzeme.com\/index.php?rest_route=%2Fwp%2Fv2%2Fcomments&post=10698"}],"version-history":[{"count":1,"href":"https:\/\/besamalzeme.com\/index.php?rest_route=\/wp\/v2\/product\/10698\/revisions"}],"predecessor-version":[{"id":10699,"href":"https:\/\/besamalzeme.com\/index.php?rest_route=\/wp\/v2\/product\/10698\/revisions\/10699"}],"wp:featuredmedia":[{"embeddable":true,"href":"https:\/\/besamalzeme.com\/index.php?rest_route=\/wp\/v2\/media\/11332"}],"wp:attachment":[{"href":"https:\/\/besamalzeme.com\/index.php?rest_route=%2Fwp%2Fv2%2Fmedia&parent=10698"}],"wp:term":[{"taxonomy":"product_cat","embeddable":true,"href":"https:\/\/besamalzeme.com\/index.php?rest_route=%2Fwp%2Fv2%2Fproduct_cat&post=10698"},{"taxonomy":"product_tag","embeddable":true,"href":"https:\/\/besamalzeme.com\/index.php?rest_route=%2Fwp%2Fv2%2Fproduct_tag&post=10698"}],"curies":[{"name":"wp","href":"https:\/\/api.w.org\/{rel}","templated":true}]}}