{"id":10722,"date":"2025-08-25T13:20:49","date_gmt":"2025-08-25T13:20:49","guid":{"rendered":"https:\/\/besamalzeme.com\/?post_type=product&#038;p=10722"},"modified":"2026-03-14T12:09:01","modified_gmt":"2026-03-14T12:09:01","slug":"eldiven-pn5","status":"publish","type":"product","link":"https:\/\/besamalzeme.com\/?product=eldiven-pn5","title":{"rendered":"Eldiven Pn5 Zebra Nitril K\u0131rm\u0131z\u0131\/Siyah"},"content":{"rendered":"<ul>\n<li><strong>Eldiven Pn5 Zebra Nitril K\u0131rm\u0131z\u0131\/Siyah<\/strong><\/li>\n<\/ul>\n","protected":false},"excerpt":{"rendered":"<p>Eldiven Pn5 Zebra Nitril K\u0131rm\u0131z\u0131\/Siyah<\/p>\n","protected":false},"featured_media":11347,"comment_status":"open","ping_status":"closed","template":"","meta":[],"product_cat":[159,28],"product_tag":[],"_links":{"self":[{"href":"https:\/\/besamalzeme.com\/index.php?rest_route=\/wp\/v2\/product\/10722"}],"collection":[{"href":"https:\/\/besamalzeme.com\/index.php?rest_route=\/wp\/v2\/product"}],"about":[{"href":"https:\/\/besamalzeme.com\/index.php?rest_route=\/wp\/v2\/types\/product"}],"replies":[{"embeddable":true,"href":"https:\/\/besamalzeme.com\/index.php?rest_route=%2Fwp%2Fv2%2Fcomments&post=10722"}],"version-history":[{"count":2,"href":"https:\/\/besamalzeme.com\/index.php?rest_route=\/wp\/v2\/product\/10722\/revisions"}],"predecessor-version":[{"id":11348,"href":"https:\/\/besamalzeme.com\/index.php?rest_route=\/wp\/v2\/product\/10722\/revisions\/11348"}],"wp:featuredmedia":[{"embeddable":true,"href":"https:\/\/besamalzeme.com\/index.php?rest_route=\/wp\/v2\/media\/11347"}],"wp:attachment":[{"href":"https:\/\/besamalzeme.com\/index.php?rest_route=%2Fwp%2Fv2%2Fmedia&parent=10722"}],"wp:term":[{"taxonomy":"product_cat","embeddable":true,"href":"https:\/\/besamalzeme.com\/index.php?rest_route=%2Fwp%2Fv2%2Fproduct_cat&post=10722"},{"taxonomy":"product_tag","embeddable":true,"href":"https:\/\/besamalzeme.com\/index.php?rest_route=%2Fwp%2Fv2%2Fproduct_tag&post=10722"}],"curies":[{"name":"wp","href":"https:\/\/api.w.org\/{rel}","templated":true}]}}